t 2313433412 (base 5) to base 7.
62231530
-262343 (base 8) to base 3
-11122022211
Convert -11a92 (base 12) to base 10.
-24014
Convert -272421 (base 8) to base 4.
-113110101
886211 (base 9) to base 15
a6d01
21321221 (base 5) to base 7
1360420
What is -119c04 (base 13) in base 15?
-84e09
Convert -1386884 (base 9) to base 7.
-6340513
6321875 (base 9) to base 11
19a9795
What is -1000011110110100101 (base 2) in base 8?
-1036645
Convert 44bc4 (base 16) to base 13.
9b1bc
What is -2221012111012 (base 3) in base 12?
-632212
-1024201000 (base 5) to base 15
-2d061a
c0896c (base 13) to base 8
21043517
-981b7 (base 13) to base 9
-458133
Convert 31402 (base 11) to base 6.
551432
Convert 158483 (base 9) to base 11.
67769
Convert -95362 (base 10) to base 6.
-2013254
Convert -102100022121000 (base 3) to base 6.
-333121130
Convert 235221241 (base 6) to base 16.
43e9d9
111111110010110100 (base 2) to base 16
3fcb4
Convert -101000100101 (base 2) to base 4.
-220211
Convert 1140056 (base 8) to base 16.
4c02e
What is -15095a5 (base 12) in base 13?
-b58b60
-1a2906 (base 14) to base 10
-929242
Convert 7bb0 (base 12) to base 5.
420222
Convert 16497 (base 12) to base 2.
111110000110011
What is -1143534130 (base 6) in base 2?
-110001110100101001100110
Convert 101253 (base 9) to base 5.
3404423
Convert -1acb70 (base 14) to base 15.
-13d911
13610880 (base 9) to base 13
151c3c5
Convert -20000100120121 (base 3) to base 15.
-431cbd
Convert -31217361 (base 8) to base 4.
-121101323301
Convert 408470 (base 9) to base 3.
110022112100
-103131043 (base 5) to base 4
-1230010120
What is 5411b (base 16) in base 2?
1010100000100011011
What is 2302201102 (base 4) in base 7?
6133555
-33123023033 (base 4) to base 13
-ab75b3
What is 62475 (base 10) in base 15?
137a0
Convert 404945 (base 14) to base 15.
2cb332
What is 11320320202 (base 4) in base 5?
343344324
Convert -11643c1 (base 14) to base 2.
-11111101100101101010101
Convert 100120002010210 (base 3) to base 10.
5079774
Convert -70161 (base 13) to base 7.
-1462413
What is -83a683 (base 11) in base 2?
-101001000101110011010
What is 2939 (base 14) in base 11?
553a
What is -1212ab2 (base 12) in base 13?
-95b49c
Convert 569275 (base 11) to base 13.
259156
-8521870 (base 9) to base 13
-c3921c
-34104441 (base 5) to base 2
-1001001011001001101
What is -943445 (base 13) in base 8?
-15154045
-5f99 (base 16) to base 9
-36512
What is 10021000121112 (base 3) in base 14?
331578
What is 10335253 (base 7) in base 8?
3274512
Convert 423c9 (base 15) to base 6.
4300430
4b474 (base 16) to base 10
308340
Convert 310c23 (base 13) to base 4.
10113122301
-14512404 (base 6) to base 8
-1736664
What is -1344414234 (base 5) in base 4?
-31121311132
-587cb (base 16) to base 11
-228344
What is -6318245 (base 9) in base 7?
-40500350
Convert 378543 (base 15) to base 5.
1140120223
Convert -100100011001111100000 (base 2) to base 10.
-1192928
Convert 1432441 (base 7) to base 5.
22133431
What is 173770 (base 12) in base 6?
12325020
Convert 2361455 (base 7) to base 8.
1113240
-231a4 (base 14) to base 15
-1a489
What is 3576587 (base 9) in base 14?
3871a9
-1221221002 (base 3) to base 12
-1a3b5
Convert -27404126 (base 8) to base 10.
-6162518
What is -1031256 (base 7) in base 2?
-11110100110010110
-131227 (base 14) to base 3
-1020100012022
-1012012111 (base 3) to base 13
-a8bb
What is -46894 (base 13) in base 4?
-133132003
-33002332 (base 4) to base 13
-2208a
-1123220000 (base 4) to base 10
-375296
Convert 607b4c (base 13) to base 8.
10440704
Convert 11121112021020 (base 3) to base 6.
124311353
2b5 (base 13) to base 11
402
Convert 12202011212110 (base 3) to base 8.
13515516
Convert -155553541 (base 6) to base 13.
-907a65
Convert 1668eb (base 15) to base 8.
4107724
50151 (base 10) to base 14
143c3
c4192 (base 15) to base 2
10010111101100110010
-63d54 (base 15) to base 13
-b1304
Convert 1542122 (base 7) to base 3.
101202212022
-216817 (base 10) to base 11
-138997
What is 133023044 (base 5) in base 15?
d4869
Convert 51bc9 (base 16) to base 9.
560222
118005 (base 10) to base 11
80728
Convert 8102ef (base 16) to base 12.
29b8a67
-474d3 (base 16) to base 10
-292051
What is -387e3 (base 16) in base 15?
-48865
Convert -1424b1 (base 14) to base 15.
-dbbca
211125015 (base 6) to base 8
16065203
What is -12212112121100 (base 3) in base 16?
-2f9db1
Convert 6018464 (base 9) to base 6.
152341221
What is -120324 (base 5) in base 13?
-2055
Convert 111222012200 (base 3) to base 14.
722dc
What is 21022002331 (base 4) in base 16?
24a0bd
Convert 6401116 (base 7) to base 5.
144223102
What is -430876 (base 9) in base 6?
-5255540
What is 1112331 (base 4) in base 13?
26c1
1424140221 (base 6) to base 14
248dbc9
11a7c1 (base 13) to base 9
714422
15213303 (base 6) to base 2
10000001100110000111
25798a (base 11) to base 14
a7c67
-2301310141 (base 5) to base 7
-61244605
What is -12504211 (base 8) in base 11?
-163429a
Convert 10113042444 (base 5) to base 4.
213032301130
Convert -137067 (base 9) to base 2.
-10100011110111000
Convert -23343233 (base 5) to base 6.
-4341231
Convert -216155 (base 8) to base 14.
-1c76d
-42054 (base 12) to base 16
-151c0
45747 (base 10) to base 13
17a90
What is 30213032032 (base 4) in base 7?
40050412
Convert -101001011010101101010 (base 2) to base 3.
-2112221200021
-9875b (base 13) to base 10
-275884
270a43 (base 14) to base 2
101001000110000010011
Convert -6a773 (base 11) to base 8.
-307303
21532131 (base 6) to base 16
9ea37
What is 11914 (base 16) in base 3?
10122201001
33403 (base 6) to base 8
11113
Convert 7ae0f1 (base 16) to base 6.
444334145
-2333303330 (base 4) to base 13
-2167b5
What is 581a (base 16) in base 15?
6a39
What is -26272652 (base 8) in base 3?
-102000212021201
-10000111001010010100 (base 2) to base 15
-ae080
What is 233a203 (base 12) in base 8?
31735643
What is -111715 (base 12) in base 14?
-71357
What is 6406623 (base 7) in base 4?
2331111003
Convert 20002100101 (base 3) to base 6.
2322401
Convert -a87853 (base 12) to base 16.
-28b3ff
Convert 1634414 (base 7) to base 2.
110111011111001001
-223bc (base 16) to base 5
-13441340
What is -57660b (base 16) in base 13?
-1257107
Convert 1137765 (base 9) to base 12.
258512
613363 (base 7) to base 10
104464
What is 88c7dd (base 14) in base 5?
2142110130
9290336 (base 10) to base 9
18428845
Convert 272a64 (base 11) to base 4.
1220213303
Convert 1a6c7 (base 13) to base 5.
3123313
88202 (base 12) to base 16
2bf22
Convert 2155558 (base 10) to base 15.
2c8a3d
What is 67150 (base 12) in base 7?
1106406
-243758 (base 10) to base 12
-b9092
What is 7377678 (base 9) in base 2?
1111000100000100010101
Convert -778018 (base 9) to base 2.
-1110001100011011111
Convert -16640324 (base 8) to base 4.
-32310003110
11310405 (base 7) to base 15
1498b0
Convert -c2a6c (base 13) to base 3.
-122201121110
Convert 941e (base 16) to base 12.
19b3a
What is -290205 (base 11) in base 5?
-104012433
Convert 60a672 (base 12) to base 3.
2211210000012
Convert -4f854f (base 16) to base 10.
-5211471
Convert -2432603 (base 7) to base 3.
-120210012212
What is 10111111011110000100 (base 2) in base 14?
165b48
What is 2066424 (base 9) in base 15?
16cecd
Convert 76102 (base 13) to base 16.
34120
-1023550 (base 11) to base 3
-10101201200020
Convert 49778 (base 13) to base 4.
201002003
What is 2035322 (base 10) in base 4?
13300321322
What is -211220033 (base 4) in base 15?
-30a02
Convert 512305 (base 6) to base 13.
156c5
Convert 104233 (base 9) to base 3.
10011021010
66a68 (base 13) to base 5
21430244
What is c3a05 (base 14) in base 3?
212221100110
What is 51b60b (base 13) in base 16?
1d25ca
Convert 343374 (base 9) to base 16.
32440
-2d2cc2 (base 14) to base 8
-6023732
-304202041 (base 5) to base 9
-2301163
What is -2740697 (base 11) in base 6?
-245213323
Convert da830 (base 16) to base 7.
10415254
5464055 (base 7) to base 15
d3d7b
What is -10010000101000111101 (base 2) in base 6?
-20410445
Convert 211002220020 (base 3) to base 14.
b4814
Convert 175113 (base 9) to base 5.
11434324
112973 (base 12) to base 11
178191
What is -238608 (base 10) in base 16?
-3a410
What is -1204442 (base 10) in base 2?
-100100110000011011010
What is 13552212 (base 6) in base 14?
c1a5a
Convert da1c (base 16) to base 7.
321534
Convert 60271 (base 12) to base 9.
210154
Convert -4651724 